2
Suppose -g = -m + 175, 5*g = -2*m + g + 350. What are the prime factors of m?
5, 7
Let x = 21 + -25. Suppose -3*t - 5*j - 7 = 20, 4*j + 45 = -5*t. Let g = x - t. What are the prime factors of g?
5
Let v = -6 + 6. Suppose v = 2*d - 8. Suppose 0*j + 28 = d*j. What are the prime factors of j?
7
Let l(j) = j**3 - 14*j**2 - 7*j + 20. Let y be l(14). Let x = -38 - y. What are the prime factors of x?
2, 5
Suppose -4*r - 4*y = -692, -5*r - 38 = 3*y - 903. What are the prime factors of r?
173
Suppose r + 1368 = 13*r. List the prime factors of r.
2, 3, 19
Let f(t) = -t**3 - 7*t**2 + 9*t + 10. Let a be f(-8). Suppose a*z = -z. Suppose z = 5*p + 4*r - 7*r - 39, -4*r + 18 = 5*p. What are the prime factors of p?
2, 3
Let d be 4*1*28/(-16). Let i = 2 - 1. List the prime factors of (i*-3 - -1)*d.
2, 7
Let u = -4 - -6. Suppose -3*g - 4*d + 65 = 0, u*g + 3 = 5*d + 8. What are the prime factors of g?
3, 5
Suppose 2*m - 104 = -2*n, -3*n = n - 2*m - 214. What are the prime factors of n?
53
Let q = -426 - -603. What are the prime factors of q?
3, 59
Suppose -2*f + 2 = -4*f - 4*a, -f = -2*a - 11. Suppose -4*t + 2*v + 0 - 4 = 0, 5*t - f*v = -15. List the prime factors of (6/4*2)/t.
3
Suppose -5*w + 105 = -55. Suppose -5*j + 12 = -2*c, -4 = 5*j + 2*c - w. List the prime factors of j.
2
List the prime factors of (3 + -12)*(-170)/15.
2, 3, 17
Let n(r) = -r**3 + r**2 - 3*r + 2. List the prime factors of n(-4).
2, 47
Suppose 5*i = -0*a + a + 11, -4*a = -i - 13. Let t(c) = -c + 6. Let g be t(5). List the prime factors of 164/16 - g/a.
2, 5
Let k = 2 + 1. Suppose k*l - 30 = 4*b, 11 + 7 = 2*l - 2*b. List the prime factors of l.
2, 3
Suppose 45 = 5*j - 5*z, -3*j + 32 = -4*z + 5. Let a(r) = -r**3 + 10*r**2 - 9*r + 8. Let s be a(j). Suppose w - s - 5 = 0. What are the prime factors of w?
13
Let r(a) = -a**2 - 2*a + 1. Let w be r(3). Let i be 4/w + 54/(-7). What are the prime factors of (i/(-2) - 1)*1?
3
Let b(o) = -2 + 3 - 4*o + 0. List the prime factors of b(-2).
3
Suppose -4*g = -g + 18. Let d be 2/(((-9)/g)/3). Suppose 5*u = 10, 0*p - 2*u = -d*p + 4. List the prime factors of p.
2
Suppose 4*q + 2*s - s - 8 = 0, -4 = -2*q + 2*s. Suppose 1 = 3*v + 5*m, -v + 2*m + 8 = q*v. List the prime factors of v.
2
Let o(f) be the third derivative of f**4/24 + 3*f**3 - 3*f**2. What are the prime factors of o(0)?
2, 3
Suppose -33 = -9*x + 6*x. What are the prime factors of x?
11
Let a(t) be the third derivative of -t**4/24 + 7*t**3/3 - 2*t**2. What are the prime factors of a(6)?
2
Let u = -65 + 218. List the prime factors of u.
3, 17
Suppose -4*q - 89 = -13. Let m = q + 36. Let r = 25 - m. What are the prime factors of r?
2
Let s(n) = n**2 - 7*n - 10. Let a be s(8). Let x be -2*(-1 + a/4). Suppose 3*j + 8 = 7*j - 5*t, 12 = x*t. List the prime factors of j.
7
Let q = -29 - -61. List the prime factors of q.
2
Suppose 0 = -202*r + 205*r - 477. What are the prime factors of r?
3, 53
Let i(y) = -y - 1. Let a(k) = k**3 - k**2 - k - 1. Let o be a(0). Let g be i(o). List the prime factors of 2 - (-13 + (g - -1)).
2, 7
Suppose -a + 5*a = 8. Suppose -2*k = a*d, -2*k - 2*k = d + 6. Suppose u + 58 = 5*q, 0 = u - d + 5. List the prime factors of q.
11
Suppose 24 = 2*x + 2*x. Suppose x*z = z + 85. What are the prime factors of z?
17
Let r(k) be the third derivative of k**4/24 + 2*k**3/3 - 3*k**2. List the prime factors of r(0).
2
Let g(p) = 3*p**2 - 3*p - 3. Suppose 5 - 1 = j. Suppose -a - 11 = -2*w + 2*a, 5*a + 33 = -j*w. What are the prime factors of g(w)?
3, 5
Let l be ((-10)/6)/(4/12). Let h(n) = -n - 1. Let a be h(l). Suppose -5*x = a*c - 14, -5*x + 2*c + 23 + 15 = 0. List the prime factors of x.
2, 3
Let z(a) = a**2 + 5*a - 8. List the prime factors of z(-8).
2
Suppose 2*r = -3*f + 229, 0 = -5*r + 4*f + f + 510. What are the prime factors of r?
107
Let f(z) = 136*z**3 + z**2 - 3*z + 2. List the prime factors of f(1).
2, 17
Let r = 148 + -90. List the prime factors of r.
2, 29
Suppose 16 = i + 3*i. Suppose 2*q = -10, 0 = 4*y + i*q - q - 9. Suppose -3*t + 4*t = y. What are the prime factors of t?
2, 3
Suppose -5*t - 3 - 7 = 0, 5*w - 67 = t. Suppose 2*b + 3 = 3*c, 0*b + 27 = 4*b + 5*c. Suppose b = -u + w. List the prime factors of u.
2, 5
Let l(a) = 8*a - 1. Let c be l(4). Let b = c + -14. List the prime factors of b.
17
Suppose -b + 30 = -5*p, -8 = -2*b - 2*p + 40. List the prime factors of b.
5
Suppose -5*n + 65 - 185 = 0. Let j = 35 + n. What are the prime factors of j?
11
Suppose -32 = 2*l - 5*t + 98, 5*l - 4*t + 308 = 0. List the prime factors of (-2115)/l + 2/(-8).
5, 7
Suppose -5*z + 2*q = -3*z - 68, -2*z - 2*q + 56 = 0. What are the prime factors of z?
31
Let t = -118 - -62. What are the prime factors of (-9)/6*t/6?
2, 7
Suppose 0 = -12*c + 7*c + 1045. What are the prime factors of c?
11, 19
Let p(t) be the third derivative of -t**6/240 - 7*t**5/120 + t**4/12 + t**2. Let x(v) be the second derivative of p(v). What are the prime factors of x(-5)?
2
Let m be (-2 + 3)*1*-7. Let f(n) = -2 + 3*n - 3 - 5*n. List the prime factors of f(m).
3
Let r = 109 + -72. What are the prime factors of r?
37
Suppose 5*d + 4*o = 108, 92 = d + 4*d - 4*o. What are the prime factors of d?
2, 5
Suppose -q = -2*w + 18, 0 = -w - 3*w - 3*q + 56. Suppose -3*d = m + w, 0 = -m - m - 4*d - 16. What are the prime factors of (-1 - 0) + 16 + m?
13
Let g be (2/4 - 0)*6. Let y be (2 + 0)/(-2 - 0). Let m = g + y. What are the prime factors of m?
2
Let w(b) = -8*b**2 - b - 5. Let i(l) = 7*l**2 + 2*l + 6. Let p(h) = 7*i(h) + 6*w(h). Let s(u) = u - 8. Let t be s(0). What are the prime factors of p(t)?
2, 3
Suppose 10 = -3*k - 2*k. List the prime factors of (-4)/2 - (-5 + k).
5
Suppose -2*k - 2*c + 9 = 33, 5*k - 3*c + 60 = 0. Let o = k - -23. List the prime factors of o.
11
Suppose -3239 = -24*p + 4249. List the prime factors of p.
2, 3, 13
Let v(f) = -7*f. List the prime factors of v(-2).
2, 7
Let j(n) = n**2 + 12*n - 11. List the prime factors of j(-26).
353
Let w(f) = 3*f - 2. Let g be w(2). Suppose -g*l = 7 - 27. Suppose -v + 64 = 4*t, -5*v + 2*v + 80 = l*t. List the prime factors of t.
2
Let a(w) = -w**2 - 10*w - 1. Let l be a(-9). Let g = 14 - l. What are the prime factors of g?
2, 3
List the prime factors of 47 - 9/(9/4).
43
Let q(f) = 6*f + 1. Let h be q(1). Suppose -3*s - 8 = -h*s. List the prime factors of ((-4)/(-2))/s*3.
3
Suppose 45 = -0*f + 5*f. What are the prime factors of f/2*(-16)/(-6)?
2, 3
Suppose 3*l - 5*c = 628, -l = -3*l + c + 428. What are the prime factors of l?
2, 3
What are the prime factors of ((-33)/6 - -3)*12/(-15)?
2
Let s(h) = -4*h - 8. What are the prime factors of s(-9)?
2, 7
Suppose -7*c + 6*c = -136. List the prime factors of c.
2, 17
Let m = 290 - 173. What are the prime factors of m?
3, 13
Let r(q) = 11*q - 28. What are the prime factors of r(11)?
3, 31
Let x = 0 - -4. Suppose -w = x*w. Suppose -u - u + 12 = w. What are the prime factors of u?
2, 3
Let m(i) = 3*i + 6. Let o(t) = -t**2 - 1. Let a(z) = -m(z) - o(z). List the prime factors of a(7).
23
Let u be -3*(-2 - 12/(-9)). Suppose 0 = -u*w - w. Suppose -j - 4*y + 31 = 0, 0*y - y + 5 = w. What are the prime factors of j?
11
Suppose -2*z - z = 5*s - 57, 2*z - 5*s - 13 = 0. Suppose z = 2*i - 0. What are the prime factors of i?
7
Let f(g) = 2*g - 1. Let r(b) = b**2 - b + 3. Let w be -1*-6*3/6. Let o be r(w). What are the prime factors of f(o)?
17
Let h(l) = -l**3 + 4*l**2 + 6*l + 5. Let k be h(5). Suppose -4*z + 9*z = k. Suppose -2*t - 4 = 0, 0*f - 16 = -z*f + 3*t. List the prime factors of f.
5
Let b(t) be the third derivative of t**5/20 - t**4/24 - 2*t**2. Let v be b(-2). Suppose -5*a = 2*x - 50, -x - x = -3*a + v. What are the prime factors of a?
2
Let r be -3 - 3*(-1 + -1). Suppose 0 = -r*c - 13 + 1, 46 = 2*u + c. List the prime factors of u.
5
Let w(g) = 3*g + 13. Let n = -1 + 12. What are the prime factors of w(n)?
2, 23
Let y(l) = -l + 10. Let h be y(10). Suppose h = -2*x + 1 + 19. What are the prime factors of x?
2, 5
What are the prime factors of (-3)/5*-2*195/2?
3, 13
Let y be 1 - 15/(0 + 3). Let u be (y/10)/(2/70). Let c = u - -21. List the prime factors of c.
7
Let q = -19 - -34. Suppose -w - 33 = -5*f, 3*f = 2*f - w + 3. Suppose -l - q = -f*l. List the prime factors of l.
3
Suppose 0 = 4*l - 93 - 59. List the prime factors of l.